2?
21130
In base 14, what is 115a8 + 4?
115ac
In base 16, what is -58 - -25a7?
254f
In base 16, what is 11 + d70?
d81
In base 12, what is 1a - -388a?
38a8
In base 10, what is 1257 + -239?
1018
In base 12, what is -7 - 10a52?
-10a59
In base 4, what is -2 - 120333322?
-120333330
In base 5, what is -13 - -433131?
433113
In base 9, what is -16 - 162243?
-162260
In base 14, what is 0 - -10d5?
10d5
In base 12, what is 0 - 69bb1?
-69bb1
In base 6, what is 2304524 - -3?
2304531
In base 7, what is 4565 - -12?
4610
In base 14, what is 35a175 + -5?
35a170
In base 16, what is -346 + 65?
-2e1
In base 8, what is -433 - 1322?
-1755
In base 15, what is -4 + -b539?
-b53d
In base 3, what is -12201101 + -111011?
-20012112
In base 4, what is 1212210012 + 10?
1212210022
In base 14, what is -2 - -55109?
55107
In base 14, what is 21 + 197?
1b8
In base 6, what is 1353523 + 1?
1353524
In base 7, what is -143161 + -1?
-143162
In base 12, what is -4 + -22b02?
-22b06
In base 10, what is -1 + 25001?
25000
In base 13, what is -1 - 43a18c?
-43a190
In base 4, what is 13102 + 2320?
22022
In base 16, what is 3 - 13f953?
-13f950
In base 4, what is 23101 + -203?
22232
In base 9, what is -3076636 + 5?
-3076631
In base 10, what is 3 + -23461?
-23458
In base 9, what is 4 + 25860?
25864
In base 15, what is -4ada4 + a?
-4ad99
In base 3, what is -20012 + -21122221?
-21220010
In base 9, what is 8 + 206070?
206078
In base 8, what is -16456177 - 4?
-16456203
In base 9, what is 105528 + -1?
105527
In base 8, what is 2777 + 12?
3011
In base 15, what is c93 - 1?
c92
In base 5, what is 44 - -20334?
20433
In base 16, what is 48 + 35d6?
361e
In base 9, what is -33632 - -7?
-33624
In base 11, what is -625 - -53?
-582
In base 5, what is -10 - -4004440?
4004430
In base 12, what is 283 + -1a?
265
In base 7, what is 26 + 3023?
3052
In base 11, what is 109 - 3a6?
-298
In base 11, what is 1a1 - 1a?
182
In base 8, what is 1434 - 265?
1147
In base 10, what is 461247 + -5?
461242
In base 16, what is 2 - -5a384?
5a386
In base 2, what is -100001010010110110 - -101?
-100001010010110001
In base 12, what is -2a - 62419?
-62447
In base 12, what is 4 - -ab55?
ab59
In base 9, what is 16026 + -3?
16023
In base 10, what is 5 - -3236?
3241
In base 12, what is 0 + -17b85?
-17b85
In base 3, what is -2122101111 + -12?
-2122101200
In base 3, what is 12221 + -2122021?
-2102100
In base 3, what is -10111 - -101?
-10010
In base 15, what is -306c + -3?
-3070
In base 5, what is 1 - 22121300?
-22121244
In base 2, what is -1111100010 + -100011?
-10000000101
In base 15, what is -2a37b + 1e?
-2a35c
In base 3, what is -221110002 + -12?
-221110021
In base 4, what is -30 - 2310?
-3000
In base 14, what is 1307 - -2?
1309
In base 5, what is 112230 + -113?
112112
In base 16, what is -b0ef0 + -4?
-b0ef4
In base 2, what is -100000000000111001 - -10?
-100000000000110111
In base 4, what is -1012 - 23211?
-30223
In base 6, what is -132 + 1041010?
1040434
In base 3, what is -12111222222 - 2?
-12112000001
In base 6, what is -322155524 + 2?
-322155522
In base 9, what is -14076 + 6?
-14070
In base 2, what is 1110111 - 1011010100101?
-1011000101110
In base 8, what is 43676 - -246?
44144
In base 6, what is 240301 - 21?
240240
In base 13, what is -418 - 26?
-441
In base 6, what is 4112 - -122?
4234
In base 8, what is -42 - 1634?
-1676
In base 8, what is -11466 + 350?
-11116
In base 4, what is -2 + 1302330?
1302322
In base 15, what is -83c6a - 1?
-83c6b
In base 8, what is 55 - 3623?
-3546
In base 5, what is -1230322 - -232?
-1230040
In base 15, what is -c + -baea?
-bb07
In base 8, what is 14 + 1533?
1547
In base 10, what is 1416 - 134?
1282
In base 2, what is -1010101010001111 + -101?
-1010101010010100
In base 15, what is 304 + 29b1?
2cb5
In base 13, what is 3056 + -82?
2ca4
In base 11, what is 598a - 9?
5981
In base 4, what is -3 - -2221000103?
2221000100
In base 4, what is 1 + -1012012?
-1012011
In base 14, what is -b97 - -b?
-b8a
In base 11, what is 19963 + -2?
19961
In base 9, what is -814 + 586?
-217
In base 10, what is 1 - 830572?
-830571
In base 7, what is -11 + 6061?
6050
In base 6, what is -3545 - 102?
-4051
In base 10, what is -60180 + 20?
-60160
In base 13, what is -3 + 7273?
7270
In base 7, what is -2 + 1216463?
1216461
In base 16, what is -4 + b90c0?
b90bc
In base 4, what is 3120220 - 12?
3120202
In base 12, what is 19 + -166?
-149
In base 8, what is -62 - 111470?
-111552
In base 6, what is 2 - -154053?
154055
In base 12, what is -1a3 - -343?
160
In base 9, what is -1427 - -134?
-1283
In base 4, what is -2010120 + 3?
-2010111
In base 13, what is a35a0 + -4?
a3599
In base 10, what is 25 - -1203?
1228
In base 14, what is 1 + 10a81?
10a82
In base 11, what is -5 - -52149?
52144
In base 4, what is -100030030 - 2?
-100030032
In base 13, what is 76a2 + -19?
7686
In base 14, what is -82a8 - 3?
-82ab
In base 11, what is -8522 - -2?
-8520
In base 16, what is -54f + 28?
-527
In base 11, what is 2a8 + 423?
720
In base 12, what is 1a8 + 2b30?
3118
In base 10, what is -104 + -3995?
-4099
In base 10, what is -22 - -43?
21
In base 5, what is -1030220 + 1?
-1030214
In base 12, what is a + 1206?
1214
In base 7, what is -244 + 44665?
44421
In base 11, what is 10 - 27a48?
-27a38
In base 6, what is -43544 - 15?
-44003
In base 10, what is -30307 - -9?
-30298
In base 7, what is 50102 - 101?
50001
In base 11, what is -449a + 0?
-449a
In base 6, what is -12 + -2435135?
-2435151
In base 14, what is -17565 + -4?
-17569
In base 2, what is -111010001 + 10011001010?
1011111001
In base 14, what is -156 - -1?
-155
In base 13, what is -6 - 858c?
-8595
In base 4, what is -33 - -3001222?
3001123
In base 3, what is -1020 - -1012122?
1011102
In base 9, what is -74248 + 14?
-74234
In base 2, what is -1111001 - -101111011000101?
101111001001100
In base 10, what is -3 + 1521706?
1521703
In base 10, what is -70 - -9407?
9337
In base 7, what is -2 - 50326?
-50331
In base 2, what is 10110100100 - 10000?
10110010100
In base 13, what is a - 870?
-863
In base 12, what is -12 - 58a0?
-58b2
In base 2, what is 10100100011010000 + 101011?
10100100011111011
In base 7, what is -46206 + -3?
-46212
In base 7, what is -132112 - -262?
-131520
In base 10, what is -1 - 121527?
-121528
In base 15, what is -b64 + 11?
-b53
In base 10, what is -36 + 2220?
2184
In base 15, what is 2 - -10c83?
10c85
In base 11, what is -7 + -21026?
-21032
In base 10, what is -75 - 14914?
-14989
In base 2, what is 1010 + 10110000010010?
10110000011100
In base 8, what is -125 + 1541?
1414
In base 12, what is -4a68 - 27?
-4a93
In base 5, what is -1000024401 + -1?
-1000024402
In base 12, what is 6517 + 4b?
6566
In base 3, what is 22200121010 - 11?
22200120222
In base 6, what is 50 - -142325?
142415
In base 11, what is 6209 + -9?
6200
In base 14, what is 3 - -d419b?
d41a0
In base 2, what is -11011011 + -11001011010011?
-11001110101110
In base 9, what is 10 - -122756?
122766
In base 13, what is 18c - -114?
2a3
In base 2, what is 10101 - 11101001001?
-11100110100
In base 16, what is 26 - -db?
101
In base 9, what is 1624 + -122?
1502
In base 2, what is 1001101100010 + -100101010?
1001000111000
In base 11, what is -5046 - 2?
-5048
In base 3, what is -100112210211221 - 1?
-100112210211222
In base 15, what is -25cb + -a6?
-2682
In base 2, what is 1 - -11110001011001?
11110001011010
In base 7, what is -2 + 553552?
553550
In base 9, what is 800 + 64?
864
In base 11, what is -4 + 213173?
21316a
In base 12, what is -147 + -1ba?
-345
In base 13, what is 8c236 + -6?
8c230
In base 4, what is 312 + 3033?
10011
In base 3, what is -22 - 2000112100?
-2000112122
In base 5, what is -32121100 + 1?
-32121044
In base 13, what is 10339 + 2?
1033b
In base 16, what is -1 + c01b?
c01a
In base 7, what is -5 - 15133?
-15141
In base 9, what is 10 - -44346?
44356
In base 11, what is 65283 + 0?
65283
In base 9, what is -4551733 + -2?
-4551735
In base 10, what is -46 - 15671?
-15717
In base 2, what is 110101111000100001 + 0?
110101111000100001
In base 5, what is 1100 + 44201?
100301
In base 2, what is -11 + -1010000110110110111?
-1010000110110111010
In base 12, what is 11b - 32a?
-20b
In base 7, what is -336144 + 3?
-336141
In base 4, what is -11 + 22212010?
22211333
In base 9, what is -1 - 40613?
-40614
In base 5, what is 2 + 314210212?
314210